1081727 is divided by 370?
217
What is the remainder when 1500019 is divided by 868?
115
What is the remainder when 97444 is divided by 1381?
774
What is the remainder when 177989 is divided by 177413?
576
Calculate the remainder when 160048 is divided by 7610.
238
Calculate the remainder when 14357027 is divided by 58.
55
Calculate the remainder when 138169399 is divided by 14.
11
What is the remainder when 119878 is divided by 13276?
394
What is the remainder when 9845238 is divided by 3281740?
18
Calculate the remainder when 5765408 is divided by 80073.
152
What is the remainder when 28754194 is divided by 636?
634
Calculate the remainder when 85884 is divided by 109.
101
Calculate the remainder when 1304120 is divided by 76712.
16
What is the remainder when 2281433 is divided by 56?
49
What is the remainder when 3635732 is divided by 344?
340
What is the remainder when 28911491 is divided by 66159?
8
Calculate the remainder when 6097137 is divided by 86.
81
Calculate the remainder when 1705320 is divided by 43.
26
Calculate the remainder when 458867 is divided by 3399.
2
What is the remainder when 29075536 is divided by 1308?
4
What is the remainder when 408712883 is divided by 3202?
3199
What is the remainder when 82176304 is divided by 76?
12
What is the remainder when 15807680 is divided by 16398?
8
Calculate the remainder when 873710 is divided by 291173.
191
What is the remainder when 82024 is divided by 3535?
719
What is the remainder when 3037678 is divided by 67503?
43
What is the remainder when 489694 is divided by 489689?
5
What is the remainder when 586104706 is divided by 3794?
3792
What is the remainder when 15705199 is divided by 56?
55
What is the remainder when 252013 is divided by 980?
153
Calculate the remainder when 23821592 is divided by 1588.
4
What is the remainder when 856603 is divided by 1938?
7
What is the remainder when 233804 is divided by 11086?
998
Calculate the remainder when 62664 is divided by 793.
17
What is the remainder when 15468221 is divided by 94897?
10
What is the remainder when 41080006 is divided by 1300?
6
Calculate the remainder when 21333 is divided by 9326.
2681
Calculate the remainder when 105602837 is divided by 17.
10
What is the remainder when 21981348 is divided by 7?
4
What is the remainder when 49441796 is divided by 1981?
1979
Calculate the remainder when 73991987 is divided by 1358.
1357
What is the remainder when 422573 is divided by 210467?
1639
Calculate the remainder when 6710 is divided by 146.
140
Calculate the remainder when 79191 is divided by 341.
79
What is the remainder when 714799 is divided by 357396?
7
What is the remainder when 531286 is divided by 267?
223
What is the remainder when 179577975 is divided by 1532?
1531
Calculate the remainder when 756894 is divided by 3968.
2974
Calculate the remainder when 19376734 is divided by 3229432.
142
Calculate the remainder when 20190751 is divided by 38024.
7
What is the remainder when 975216 is divided by 748?
572
What is the remainder when 649989 is divided by 3242?
1589
Calculate the remainder when 8789612 is divided by 1098701.
4
Calculate the remainder when 49344764 is divided by 41606.
48
Calculate the remainder when 103652 is divided by 2274.
1322
What is the remainder when 136680 is divided by 403?
63
What is the remainder when 3053004 is divided by 2354?
2220
What is the remainder when 433602 is divided by 328?
314
Calculate the remainder when 433746 is divided by 666.
180
What is the remainder when 592515 is divided by 215?
190
Calculate the remainder when 7601687 is divided by 3800832.
23
Calculate the remainder when 19013 is divided by 2218.
1269
What is the remainder when 64655581 is divided by 14?
11
Calculate the remainder when 264991 is divided by 1697.
259
What is the remainder when 230128 is divided by 326?
298
What is the remainder when 12842704 is divided by 63894?
10
Calculate the remainder when 600224 is divided by 1930.
1924
What is the remainder when 2283211 is divided by 101?
5
Calculate the remainder when 77327 is divided by 7705.
277
Calculate the remainder when 168792 is divided by 18687.
609
Calculate the remainder when 1772757 is divided by 3560.
3437
What is the remainder when 65931 is divided by 9?
6
Calculate the remainder when 330286 is divided by 7691.
7264
Calculate the remainder when 48952333 is divided by 371.
367
What is the remainder when 39314744 is divided by 57?
20
Calculate the remainder when 3116825 is divided by 6761.
4
What is the remainder when 117687 is divided by 1308?
1275
Calculate the remainder when 944328 is divided by 4970.
28
Calculate the remainder when 2653101 is divided by 26799.
0
What is the remainder when 19248639 is divided by 9624229?
181
What is the remainder when 521992 is divided by 104389?
47
Calculate the remainder when 350785 is divided by 52.
45
What is the remainder when 185891 is divided by 3162?
2495
Calculate the remainder when 41457787 is divided by 761.
29
What is the remainder when 605865 is divided by 1198?
875
What is the remainder when 811467 is divided by 4934?
2291
Calculate the remainder when 693051 is divided by 173256.
27
What is the remainder when 811304 is divided by 6934?
26
Calculate the remainder when 12144615 is divided by 164.
87
What is the remainder when 80025372 is divided by 697?
14
What is the remainder when 3698654 is divided by 7?
1
Calculate the remainder when 6337861 is divided by 13.
10
What is the remainder when 1409764 is divided by 7920?
4
What is the remainder when 445766 is divided by 19353?
647
Calculate the remainder when 57964089 is divided by 61.
59
Calculate the remainder when 10275245 is divided by 182.
71
What is the remainder when 73794 is divided by 6679?
325
What is the remainder when 2413019 is divided by 614?
613
What is the remainder when 169521 is divided by 1337?
1059
Calculate the remainder when 2128726 is divided by 1606.
776
Calculate the remainder when 732538459 is divided by 672.
667
Calculate the remainder when 170154 is divided by 9441.
216
Calculate the remainder when 71923 is divided by 408.
115
Calculate the remainder when 262928 is divided by 2855.
268
Calculate the remainder when 95758234 is divided by 603.
25
Calculate the remainder when 124046 is divided by 124004.
42
Calculate the remainder when 1172717 is divided by 98.
49
Calculate the remainder when 250485759 is divided by 3712.
3711
Calculate the remainder when 1710749172 is divided by 673.
670
Calculate the remainder when 296832 is divided by 26984.
8
Calculate the remainder when 41490168 is divided by 9.
6
What is the remainder when 505968 is divided by 1549?
994
Calculate the remainder when 614739 is divided by 2846.
3
Calculate the remainder when 204329794 is divided by 1163.
1161
Calculate the remainder when 45013 is divided by 21842.
1329
Calculate the remainder when 6793449 is divided by 1069.
1023
Calculate the remainder when 2210593 is divided by 934.
749
Calculate the remainder when 2223661 is divided by 31313.
438
What is the remainder when 752059 is divided by 888?
811
What is the remainder when 1122271844 is divided by 12?
8
What is the remainder when 102953 is divided by 34315?
8
What is the remainder when 463501 is divided by 153631?
2608
What is the remainder when 13101978 is divided by 4379?
10
What is the remainder when 6792965 is divided by 2078?
2061
What is the remainder when 244417 is divided by 3442?
35
What is the remainder when 86914 is divided by 86484?
430
Calculate the remainder when 1359723 is divided by 165.
123
Calculate the remainder when 46024723 is divided by 1725.
1723
Calculate the remainder when 16300 is divided by 291.
4
Calculate the remainder when 9780498 is divided by 752346.
0
Calculate the remainder when 32178011 is divided by 5.
1
What is the remainder when 14058593 is divided by 283?
2
What is the remainder when 871711 is divided by 88?
71
Calculate the remainder when 13360972 is divided by 71069.
0
What is the remainder when 198832 is divided by 60?
52
What is the remainder when 1094245 is divided by 57?
16
What is the remainder when 2320290 is divided by 163?
148
Calculate the remainder when 1718787 is divided by 7573.
7289
Calculate the remainder when 2549299 is divided by 1274335.
629
